highest common factor of m and 18.
18
Let n = -5 + 4. Let k be 12/(-3 - -5) - n. What is the highest common divisor of k and 7?
7
Let p be (-5)/((-75)/(-39) + 2*-1). What is the greatest common factor of 39 and p?
13
Let y be (-10)/(-30) - (-430)/6. What is the greatest common divisor of y and 18?
18
Let n = 4 - 4. Suppose -2*z - z = 3*p - 54, n = 3*z - p - 54. Let m be (6/5)/((-1)/(-10)). What is the greatest common factor of m and z?
6
Let b be -30*(-1 + 33/(-5)). Calculate the highest common divisor of 12 and b.
12
Suppose -3*d + 40 = 2*d. Let o be d/20 + (-18)/(-5). Suppose -o*m = h - 64, m - 2*h = 3*h + 16. Calculate the highest common factor of m and 4.
4
Suppose 0 = -5*g + 3 + 7. Suppose -3 = g*k + 1. Let i be -1 + k + -2 + 19. What is the highest common factor of 14 and i?
14
Suppose 3*d - 28 = -d. What is the greatest common divisor of 56 and d?
7
Suppose h - 17 = 19. What is the highest common divisor of h and 24?
12
Let j = -6 - -12. Suppose 5*v - 94 = -2*b, j*v - 3*b + 42 = 8*v. Calculate the greatest common divisor of v and 2.
2
Suppose -4*c - c + 350 = 0. What is the greatest common divisor of c and 105?
35
Suppose x - 135 = -14. What is the highest common factor of x and 11?
11
Let h(c) = -19*c**3 + c**2 + 3*c + 3. Let i be h(-1). Calculate the greatest common factor of 60 and i.
20
Let u be (-2)/(-13) + 8170/130. Calculate the highest common factor of 7 and u.
7
Let s(a) = -5 - 16*a - 3*a**2 + 4*a**2 + 19*a. Let t be s(5). What is the greatest common divisor of 14 and t?
7
Let c = 5 + -4. Let k be c/(-4) - 49/(-4). What is the highest common factor of 24 and k?
12
Let d be (-1)/3 + 16/3. Suppose -d*i = -32 - 28. Calculate the highest common divisor of 84 and i.
12
Suppose -3*x = -4 - 8. Let q(y) = 4*y - 6. Let s be q(x). Calculate the greatest common factor of 25 and s.
5
Let g be ((-8)/4 - -128) + (0 - -3). Calculate the greatest common divisor of g and 43.
43
Let y(i) = i**3 - 4*i**2 + 7*i - 4. Let u be y(3). What is the highest common divisor of 8 and u?
8
Let g be (-12)/9*(-3)/(-2). Let y = g - -4. Let r(q) = -q**2 + 11*q - 8. Let s be r(8). Calculate the highest common divisor of y and s.
2
Let p = -105 - -150. What is the greatest common factor of p and 18?
9
Let z(s) be the third derivative of 2/3*s**3 + 2*s**2 - 3/8*s**4 + 0 + 0*s. Let w be z(-4). What is the highest common divisor of 16 and w?
8
Let f be 5 + 3/(-3) + 0. Suppose 2*t - 3*t + f = 0. Suppose -3*k - t*w + 56 = 2*k, k - 3*w - 15 = 0. What is the greatest common factor of 60 and k?
12
Let i(t) = -63*t + 24*t - 2 - 43*t. Let h be i(-1). Let v be (-276)/(-14) - (-4)/14. What is the highest common factor of v and h?
20
Let y = -15 - -18. Suppose 42 + 42 = y*x. What is the highest common divisor of 56 and x?
28
Suppose -v - 2*v + 105 = 0. Suppose 6 = -3*h - 9. Let y = 0 - h. What is the highest common divisor of v and y?
5
Suppose 48 - 2 = 2*u. Let s = u - -19. Calculate the greatest common divisor of 14 and s.
14
Suppose 5*o - 50 = -0*o. Calculate the greatest common factor of o and 2.
2
Suppose 10 = 2*o + 3*o. Suppose -2*t = -4*g + 16, -o*t + 5*g + 8 = 27. Let s be t - 1/((-1)/30). Calculate the greatest common divisor of s and 14.
14
Suppose 166*n = 168*n - 26. Let x(g) = 5*g - 4. Let o be x(6). What is the highest common divisor of o and n?
13
Let u be (13/(-4) - -1)*-12. Suppose -12 = 3*q - 0*q, -4*o + 52 = 5*q. Calculate the greatest common factor of o and u.
9
Let g(r) = r**3 + 3*r**2 - 5*r - 5. Let y be g(-4). Let d be y/(42/(-15) + 3). Let j = 10 + d. Calculate the highest common factor of j and 40.
5
Suppose 5*y - 3*s + 2*s - 30 = 0, -s = y. Suppose 7 = y*o - 13. Calculate the greatest common factor of o and 16.
4
Suppose -3*d - 2*d = -15. Let f = 8 - d. Let a(j) = j**2 + 4*j - 5. Let k be a(f). What is the greatest common divisor of 8 and k?
8
Let c(a) = 18*a**3 + a**2 - a + 1. Let d = 4 - 3. Let f be c(d). Calculate the highest common divisor of 171 and f.
19
Let a(d) = d**2 - 5*d - 23. Let v be a(8). Calculate the highest common factor of 8 and v.
1
Let g(q) = -q**2 + 15*q - 24. Let x be g(7). What is the greatest common factor of x and 2?
2
Let a = 72 + -23. What is the greatest common divisor of 7 and a?
7
Suppose -d - 24 = -3*d. Calculate the greatest common factor of d and 24.
12
Let m = 7 + -2. Calculate the highest common factor of 40 and m.
5
Let z = -2 - -3. Let d be (-2 + 14/2)/z. Let l(m) = m**3 + 7*m**2 + m. Let b be l(-5). Calculate the highest common factor of d and b.
5
Suppose -5*s - 11 = p, 4 = 3*s - 5. Let m(a) = -3*a**2 + 4*a + 1. Let h be m(3). Let t = h - p. What is the highest common factor of 84 and t?
12
Let k(l) = 5*l + 44. Let c be k(0). What is the greatest common factor of 88 and c?
44
Let p be (-3)/7 + (-805)/(-49). Let r = p + -6. Calculate the highest common divisor of 110 and r.
10
Suppose g - h + 7 = -3*h, 5*g + 2*h = 5. Let b = 3 - 1. Calculate the highest common divisor of b and g.
1
Let x(v) = -v + 29. Let q be x(12). Calculate the greatest common divisor of q and 187.
17
Suppose 4*g = -4*f + f - 8, 5*f + 2*g - 10 = 0. Let u be 4*(11/f + -1). Calculate the greatest common divisor of 49 and u.
7
Let l(r) = -7*r - 9. Let c be l(-5). What is the greatest common divisor of 65 and c?
13
Suppose 2*h - 2 = -2*f, -f - 1 = 5*h - 2. Let x = 2 - f. Suppose -i - 1 + 3 = 0. What is the highest common divisor of x and i?
1
Let z = -3 - -12. Let t(l) = l**3 - 8*l**2 - 3*l + 2. Let m be t(z). Let b = 7 - 0. Calculate the greatest common factor of b and m.
7
Let i be ((-6)/(-7))/(0 - (-2)/140). Calculate the greatest common divisor of 480 and i.
60
Let l be (-6)/(-18)*(-1 - (-68)/2). What is the highest common factor of 33 and l?
11
Let d = 33 - 54. Suppose -3*v - 51 = -v - 5*t, -4*v = -2*t + 62. Let g = v - d. Calculate the highest common factor of g and 16.
8
Let r(y) = -y + 8. Let x be r(6). Let u be 13/x*(12 + -2). Suppose -5*p + 32 = -33. What is the highest common factor of p and u?
13
Let p be -42*(-6 - 96/(-18)). Suppose 0*u - 7 = -u. Let f = u + -3. What is the highest common divisor of f and p?
4
Let p be 1/(-3) - 170/(-15). Let a = p + 2. Calculate the highest common divisor of 91 and a.
13
Let l = -47 + 69. What is the highest common factor of l and 198?
22
Suppose 5*f - 266 = 94. What is the highest common divisor of f and 9?
9
Let a(q) = -10*q - 5*q**2 - 3*q**3 + 2*q**3 + 15 - 7*q**2 + 0*q**3. Suppose -7 - 15 = 2*g. Let r be a(g). What is the highest common factor of r and 2?
2
Suppose -4*o + 12 = -j, -3*o - j + 24 = 2*o. Suppose 2*p = 6*p - o. Calculate the greatest common divisor of p and 5.
1
Let z be -4 - 366/(-42) - 4/(-14). What is the highest common divisor of 55 and z?
5
Suppose 2*k = -3 + 5. Let l(f) = 105*f**2 - f + 1. Let r be l(k). Calculate the highest common divisor of r and 15.
15
Suppose -4*w = w. Suppose -5*v + 3*v - 3*s + 32 = w, -5*s = 3*v - 50. What is the highest common divisor of v and 70?
10
Suppose 0 = -3*d - 0*d - r + 44, 5*d = 2*r + 55. Let p = -7 + d. What is the highest common factor of 15 and p?
3
Suppose -x + 99 = q - 7, 5*x - 510 = 5*q. Suppose 4*y - 52 = -0*y. What is the highest common factor of y and x?
13
Let p be 5/((-30)/4) - (-776)/12. What is the greatest common divisor of 96 and p?
32
Let m(t) = -t**2 + 11*t - 6. Let v be m(10). Suppose -v*n = 3 - 83. What is the highest common factor of n and 20?
20
Let o(z) = 23*z**2 + 1. Let x be o(-1). Suppose 0 = 692*w - 687*w - 480. Calculate the greatest common divisor of w and x.
24
Let b(x) = 3*x + 1. Let h be b(1). Suppose 3*z = -2*z + w + 35, -h = -3*z + 4*w. What is the highest common divisor of z and 20?
4
Suppose -4*t + 3*u + 2*u = -1120, -5*u = 2*t - 560. What is the greatest common factor of 40 and t?
40
Let l(u) = 2*u**2 - 24*u + 4. Let s be l(12). Calculate the greatest common factor of 6 and s.
2
Suppose 4*d - 84 = 3*q, -d + 4*q = 2*d - 70. Let z = 674 - 476. What is the highest common divisor of z and d?
18
Let n = 19 - 19. Suppose n = -5*r - 2*b + 23, 4*r - 18 = -2*b - 0*b. Let h(t) = -13*t - 4. Let s be h(-3). What is the highest common factor of s and r?
5
Suppose 5*z + 2*n - 30 = 0, 39 = 4*z - 4*n - 13. Suppose 4*f - 4 = z. Suppose 0 = 4*r + 16, u - 3*r - 32 = -11. What is the greatest common factor of f and u?
3
Let 